he greatest common factor of 77 and m?
11
Let i = 24 - 0. What is the greatest common factor of 72 and i?
24
Suppose -82 + 22 = -5*o. Calculate the greatest common factor of o and 144.
12
Suppose 0 = 5*a, 2*a - 135 + 27 = -3*l. Suppose 0*k = 4*k - 96. Suppose -2*w + k = -w. Calculate the highest common divisor of w and l.
12
Let s = 41 - -16. Calculate the highest common factor of s and 38.
19
Let z(a) = -a**2 - 5*a + 9. Let c be z(-7). Let n(w) = -w - 3. Let h be n(c). Suppose h*j = 102 - 6. Calculate the highest common divisor of j and 32.
16
Suppose 3*t = 4*t - 5*o + 24, -t - 5*o - 4 = 0. Let i(g) = -g**2 - 20*g + 11. Let v be i(t). What is the greatest common divisor of v and 38?
19
Suppose -5 = 3*n + 1. Let g be -6 - (-4 - n - -2). Let o be (-159)/g + (-2)/(-4). Calculate the highest common divisor of 3 and o.
3
Let o(h) = 37*h - 7. Let a be o(7). Suppose -7*m = -4*m - a. Suppose -y + m = 24. Calculate the highest common factor of y and 15.
15
Let z be (6/(-15))/(4/(-60)). Let y be (-16)/(-5)*(z - -4). Suppose -4 = 5*v - 44. What is the highest common divisor of v and y?
8
Let h(m) = m**3 + 3*m**2. Let s be h(-3). Let t be -2*1 - (s - 13). Calculate the highest common divisor of 22 and t.
11
Suppose 31*f = 21*f + 100. What is the highest common divisor of f and 4?
2
Let l = -92 - -117. What is the highest common divisor of l and 275?
25
Let y be 3 + (3 - 9) + 19. What is the greatest common factor of y and 32?
16
Suppose 90 = 2*q - 28. What is the greatest common factor of q and 59?
59
Suppose 42 = 4*t - 46. What is the greatest common factor of t and 2?
2
Let j = 2 + 6. Suppose -w - 448 = 5*q - 3*w, 0 = -2*w + j. Let x be (-1)/3 + q/(-12). What is the highest common divisor of 7 and x?
7
Suppose 0 = x + 2 - 4. Suppose -5*w + x*o = o + 101, -w + 2*o = 22. Let y be 18*(w/6)/(-5). What is the greatest common divisor of 48 and y?
12
Suppose 5*h = 3*w + 315 - 29, 4*w - 216 = -4*h. Calculate the greatest common factor of 32 and h.
8
Suppose j - 3*z - 16 = 0, -3*j - 2*z = -j. Let p(s) = 2*s**2 - s - 1. Let t be p(5). Calculate the greatest common divisor of j and t.
4
Let l(h) = -h**2 - h + 1. Let u be l(1). Let d be u + (0 - 2) + 9. What is the greatest common factor of 30 and d?
6
Let p = 6 + 20. What is the greatest common factor of 13 and p?
13
Let r(j) = 4*j**2 + j - 2. Let g be r(-2). Calculate the highest common divisor of g and 132.
12
Let z = 186 + -16. Calculate the highest common factor of 68 and z.
34
Suppose -3 = -l + 3*d, 2*l - 1 = 4*d + 5. What is the greatest common divisor of l and 3?
3
Let j be (3 - 5)*-1 - -3. Suppose -3*x + j*t = -102, -2*t + 207 = 5*x + 2*t. What is the greatest common factor of x and 26?
13
Let o be 3*75*(-3)/(-27). What is the greatest common factor of o and 75?
25
Suppose 3*j + z = 75 + 20, -3*j + 4*z = -70. Calculate the greatest common divisor of 75 and j.
15
Let g = 222 - 112. Let s be (-3)/15 - (-51)/5. What is the highest common factor of s and g?
10
Suppose 2*l + 9 = -2*h + 7*l, 5*h + l = 18. Suppose -g - i - 28 = 0, 70 = -h*g - i - 14. Let y = g + 41. What is the highest common divisor of 117 and y?
13
Let x be (2/(-2))/(42/(-273))*6. What is the greatest common divisor of x and 117?
39
Let z be 7*(6/(-9) + (-50)/(-21)). What is the greatest common factor of z and 30?
6
Let l be (0 - 1) + 1 - -60. Let t be 300/(-8)*(-4)/5. Suppose -5*y - t = -r, 6*r - 69 = 2*r + 3*y. What is the highest common divisor of l and r?
15
Let g(w) = -52*w - 4. Let v be g(-1). What is the greatest common divisor of 12 and v?
12
Suppose 0 = n + 3*l - 40, -n - 3*l + 89 = n. Calculate the highest common divisor of 7 and n.
7
Let r be (-328)/(-12)*6 - -4. Calculate the highest common factor of 21 and r.
21
Suppose -4*w + 3 = 5*v, 2*v - 10 = 6*v - 3*w. Let x(p) = -25*p - 1. Let f be x(v). Calculate the greatest common factor of f and 60.
12
Let v = 22 + -9. Let s = v + 1. What is the highest common factor of s and 21?
7
Let q(n) = 2*n**3 - 5*n**2 + 3*n - 3. Suppose 0 = -3*d - 19 + 1. Let w = -3 - d. Let v be q(w). Calculate the greatest common factor of 6 and v.
3
Let r(w) = 5*w**3 - w**2 - w. Let i be r(2). Let x = i - 19. Suppose a + 2*c = 56, -39 = -5*a + 2*c + 265. Calculate the greatest common factor of a and x.
15
Suppose 0*j + 3*j - 63 = 0. Suppose 4*k + 2*h + 39 + j = 0, 5*k + 2*h + 73 = 0. Let l = 22 + k. Calculate the highest common factor of 3 and l.
3
Suppose -5*z + 43 = -107. Let x be -5*(94/(-10) + 1). Let a = x - -3. What is the highest common divisor of z and a?
15
Suppose -4*t = -35 + 3. Suppose 10*b - 6*b = 32. What is the highest common factor of b and t?
8
Suppose 5*b - 5 = 0, -3*x - 2*x - 3*b = -103. What is the highest common factor of 30 and x?
10
Let v be (-5)/((-30)/9)*10. Calculate the highest common divisor of 3 and v.
3
Suppose 244 = 2*r + r + 4*d, -5 = d. What is the greatest common factor of r and 11?
11
Suppose -5*z + 95 = 3*y, y + 25 = 2*y - 5*z. Suppose -5*v + 4*v = -y. Calculate the highest common divisor of v and 15.
15
Suppose -2*n + z = -5, 0 = 4*n + 4*z + 1 - 5. Suppose -3*q = -2*q + 3*f - 32, n*q - 84 = 4*f. What is the highest common divisor of 95 and q?
19
Let y(o) = -o**2 + 1. Let i be y(0). Let m be (8 + 0)/(4 + -2). What is the greatest common divisor of m and i?
1
Let k be 4 - 3 - (-6)/2. Suppose r - k*o + 4 = 0, -o - o - 40 = -4*r. What is the greatest common divisor of 18 and r?
6
Let w = 10 - 9. Let l be 4 + -4 + (13 - w). What is the greatest common factor of 60 and l?
12
Let k be (8*(3 - 2))/2. What is the highest common factor of 2 and k?
2
Suppose 5 + 13 = 3*r. Let z(k) = -k**3 - 17*k**2 - 2*k - 22. Let h be z(-17). What is the greatest common divisor of h and r?
6
Suppose 0*t = -2*m + 2*t + 14, 2 = 2*m + 4*t. Calculate the greatest common divisor of m and 55.
5
Suppose -3*p - 5 = 1, 0 = -5*r + 5*p + 325. Calculate the greatest common divisor of 9 and r.
9
Let k(p) = p**3 - p. Let y be k(0). Suppose y = 5*u - 30 - 20. What is the greatest common divisor of 20 and u?
10
Suppose 0*k + 4*k - 32 = 0. Let u = 1 - 1. Suppose t - 4 = -0*t - 4*y, u = t + y - 7. What is the highest common divisor of k and t?
8
Suppose 8*s - s - 56 = 0. Let q(p) = 58*p. Let d be q(3). Let w = -118 + d. What is the highest common divisor of s and w?
8
Let a be 6*1 - 21/7. Calculate the highest common factor of 24 and a.
3
Let o be -2*1*(-10)/4. Let y be (-50)/(-5)*27/6. Calculate the highest common factor of y and o.
5
Suppose 12*r = 7*r. Suppose r = -2*s - 10 + 38. What is the greatest common divisor of s and 98?
14
Let w be (-1 - (2 - 2))*-10. Suppose -j - 24 = -q, 6*j - 97 = -4*q + 9*j. Calculate the greatest common factor of w and q.
5
Let c = -3 - -3. Suppose -b + 3*b = 3*z + 25, c = -3*z - 15. Let t = 7 - b. Calculate the greatest common factor of 14 and t.
2
Let n = 157 - 97. Calculate the highest common factor of n and 540.
60
Let p(g) = -143*g + 1. Let d be p(1). Let h = -54 - d. Suppose -3*n + 3*i + 30 = 0, -3*i + 10 = 5*n - 24. Calculate the highest common divisor of n and h.
8
Let i be 0 + 2 - 22/(-1). Let l = i + 24. Calculate the greatest common divisor of 12 and l.
12
Let o = 68 + -47. Calculate the highest common divisor of o and 7.
7
Suppose g + 56 = 5*g. Suppose z - 4 = -n, -4*n - z = -5*n + g. Suppose 3*t + 4*d = 14, 2*t - d - 4 = 9. Calculate the greatest common factor of n and t.
3
Let d(r) = 2*r - 10. Let w be d(9). Let j be (40/(-14))/(w/(-28)). Calculate the highest common factor of j and 100.
10
Let n(d) = -d**2 - 12*d - 7. Let h be n(-5). Let o = 10 + -8. Suppose -4*b + 55 = -l, -35 + 8 = -o*b + l. What is the highest common factor of b and h?
14
Let v(n) = 7*n + 12. Let p(m) = m + 1. Let q(d) = -18*p(d) + 2*v(d). Let w be q(-5). Suppose 44 = u - w. What is the highest common divisor of u and 28?
14
Let c = 15 - 1. What is the greatest common divisor of 14 and c?
14
Let c be (-3 + (-30)/(-9))*27. Let g(z) = z**3 - 9*z**2 + 1. Let q be g(c). What is the greatest common factor of 8 and q?
1
Let f(t) = t**2 + 7*t - 1. Let a be f(2). Calculate the highest common divisor of a and 153.
17
Let k be 4/14 + 99/21. Suppose 101 - 41 = k*q. Calculate the greatest common divisor of 12 and q.
12
Let t(g) = g + 10. Let u be t(16). What is the greatest common factor of 65 and u?
13
Let z